a) = -a**3 + 19*a**2 + 29*a - 32. Is x(-7) a prime number?
True
Suppose 3*z - 7*z - 3*z + 693455 = 0. Is z a composite number?
True
Let t(d) = -32 - 21*d + 67 - 8*d - 84. Let s = -56 - -37. Is t(s) a composite number?
True
Let w(n) = -20*n**3 - n**2 - 3*n + 11. Let j(r) = -7*r**3 - r + 4. Let f(l) = -17*j(l) + 6*w(l). Let b be f(-6). Suppose b*v = -2*v + 3318. Is v a prime number?
False
Is (-2 + 3171158/(-2))/1*1107/(-3321) composite?
False
Suppose 25*u - 716628 = 118597. Is u a prime number?
True
Suppose 2*m - 5*m = -82557. Suppose -m = -12*n + 9*n. Suppose n + 10617 = 10*p. Is p prime?
True
Let s(q) = -q**3 + 10*q**2 - 6*q + 2. Let b be s(9). Suppose 17827 = b*u - 30835. Is u prime?
False
Let p = 463 + -448. Suppose 4*x - p*x + 28369 = 0. Is x prime?
True
Suppose 88 + 2 = 10*m. Suppose m*b - 187 = -7. Suppose b*n - 958 = 19*n. Is n prime?
False
Let a = -151 - -169. Let j = 40 - a. Is j composite?
True
Let a be (-121)/(-7) + (4/(-14) - 0). Suppose 3*q + 362992 = a*q. Suppose 4*f + 4*f = q. Is f prime?
False
Let s(g) = -6965*g**2 + 2*g + 36. Let p be s(7). Is (-20)/50 + p/(-25) a prime number?
True
Let x = -23 + 27. Suppose -n = 3*h + n - 5919, -x*n = 0. Is h a prime number?
True
Let x be ((-180)/126)/(1/(-14)). Suppose -3*m - 47 + 17 = -3*u, -x = 3*m - 5*u. Is (-8817)/m - ((-12)/(-15) + 0) prime?
True
Let q(l) = -l**2 + 7*l - 1. Let b be q(6). Suppose -20502 = -b*a + 2*a. Suppose 0 = -3*u - 3*u + a. Is u composite?
True
Suppose 5*g - q = 3, -q = -3*g - 19 + 22. Is (-18 - -13)*(g + 3086/(-5)) a prime number?
False
Let h(z) be the third derivative of -z**6/12 - 7*z**5/12 - 13*z**4/12 + z**3/6 + 5*z**2 + 21*z. Is h(-10) composite?
False
Let d be (2 + (-6)/12)/((-1)/(-2)). Let c be (3/(-6))/((-1)/6) - d. Suppose -3*l = -a + 680, -5*a + 4*l + c*l = -3389. Is a composite?
False
Suppose 5*y = 5*b + 30, -5*b - 23 = 3*y - y. Suppose -2*q + y = 1. Suppose 2*d = 4*r - 3420, r + 3*d = -q*r + 841. Is r prime?
True
Let m = 140 + -140. Suppose 7*q - 4*q = 4*l + 14151, l - 3 = m. Is q a composite number?
False
Suppose -8*h - 136 = -4*h. Let u = h - -36. Suppose -402 = -2*d - u*p + 406, -d + 424 = -3*p. Is d composite?
False
Let q(w) be the second derivative of -w**4/6 + 11*w**3/6 + 445*w**2/2 - 13*w. Is q(0) a composite number?
True
Suppose 2*f + 182 = 5*z, -3*f - z - 277 = -21. Let u = f + 98. Is -764*(21/u - 2) prime?
True
Let v = -173039 - -244252. Suppose 2*o + 15*o - v = 0. Is o composite?
True
Let h be (0/2)/(13 + -14). Suppose -v - 887 = -p, h = 5*p - 10*p + 2*v + 4441. Is p a composite number?
True
Suppose -11*n + 39113 + 32101 = 0. Suppose g + n = 3*w, -2*w + 1035 + 3292 = 3*g. Is w a composite number?
True
Suppose -17*v + 5*n = -22*v + 169065, 0 = -2*v + n + 67614. Is v a prime number?
True
Let t = -55 - -102. Let d = -44 + t. Suppose d*n + 2*q = n + 266, 5*n - 665 = q. Is n a prime number?
False
Let z(f) = 125*f**2 + 10*f - 25. Let y(c) = 83*c**2 + 7*c - 17. Let d(m) = 8*y(m) - 5*z(m). Is d(-6) a prime number?
False
Let w(a) = -4*a**3 - 19*a**2 + 14*a - 35. Let i be w(-15). Let g = i - 3191. Is g composite?
True
Let f be 1340/60 - ((-1)/(-3))/1. Suppose 0 = -0*s + 4*s, -f = -2*k - 2*s. Is (0 + 298/(-4))*-2*k prime?
False
Suppose 2*m = -0*x + x + 37111, 2*x - 92773 = -5*m. Suppose 38*k = 35*k + m. Is k a composite number?
True
Let t be -77*(-106 + 0)/1. Suppose 5*o + 9*o - t = 0. Is o a prime number?
False
Suppose 2*v + 321786 = 9*v - 59861. Is v prime?
True
Let h(w) = -6*w - 34. Let y be h(-3). Let i = 351 - 250. Let v = y + i. Is v prime?
False
Suppose 0 = 12*u + 51 - 1755. Suppose -p + 331 + u = 0. Is p composite?
True
Suppose -3*i - 3*b + 1031268 = 0, -5*b - 1374979 = 539*i - 543*i. Is i composite?
True
Is (-2011854)/52*(-40)/12 a prime number?
False
Let v(o) = 19*o - 124. Let m be v(7). Suppose 5*j = m*j - 70972. Is j a composite number?
True
Let f(t) = -44024*t - 5069. Is f(-5) a prime number?
True
Let w = -1581 + 2270. Suppose -2*l = w - 261. Let d = 348 + l. Is d composite?
True
Let v = -200 - -199. Is 29589/12 - (v + 1/(-4)) prime?
True
Let z(q) = 6*q - 11. Let v(g) = -5*g + 10. Let l(o) = -3*v(o) - 4*z(o). Let i(x) = -x**3 - 4*x**2 + 23*x - 25. Let u be i(3). Is l(u) a composite number?
True
Suppose -t = -10*t - 9. Let v be 318 - (2/t + 5 + -5). Suppose 0*l + n = -l + v, 3*l + n - 954 = 0. Is l composite?
False
Let x(b) be the third derivative of 17/24*b**4 + 0*b + 0 + 7/2*b**3 - 9*b**2. Is x(16) composite?
False
Let n(v) = 27*v**2 + 3*v - 35. Let p(j) = -j**2 - 2*j - 5. Let f be p(3). Let o = f - -34. Is n(o) composite?
True
Let s(w) = -640*w - 1. Suppose 0 = -12*u + 7*u - 15. Let f be s(u). Suppose -2*t + 0*t + 3*x + f = 0, 1959 = 2*t + 5*x. Is t a composite number?
False
Let k(a) = 3295*a**2 + a. Suppose 0 = -4*g + 5 - 1. Let q be k(g). Let z = q - 1335. Is z a composite number?
True
Let c = 45 - 39. Let m be c*(-1)/(-3) + 1990. Suppose 8*f - m = 1840. Is f composite?
False
Let q(g) = 3993*g**2 + 262*g + 4685. Is q(-18) a composite number?
False
Let y(i) = 4*i**3 + i**2 - 5*i + 3. Let c be y(1). Suppose -r = 2*u - 25438, 24654 + 13496 = c*u - 2*r. Is u a composite number?
True
Let i = 12611 - 22921. Let f = 2511 - i. Is f composite?
False
Suppose 4*x - 1853 = 3*b, x - 923 = -x + 5*b. Suppose -2*v + 4*i + 150 = 0, 3*v = 3*i + 301 - 91. Let m = x + v. Is m prime?
False
Let k(i) = -i**2 + 96*i + 33. Let s be k(16). Suppose 5*h - s = 3032. Is h a prime number?
False
Suppose 240*f = 266*f - 667862. Is f prime?
False
Let s = 32832 + 32335. Is s prime?
True
Suppose 0 = 2*y - 3*i + 21156, 10*i = -5*y + 7*i - 52932. Let f = 22241 + y. Is f a composite number?
False
Let o be (-1300)/(-6)*18/15. Suppose 0 = -h + 6223 - o. Is h a prime number?
False
Suppose 87*u + 329 = 94*u. Suppose 42*z - u*z - 3*x = -102080, -4*z + 5*x = -81701. Is z prime?
False
Let q(h) = 85*h**2 + 6*h - 9. Let v be q(4). Suppose -v - 2288 = 3*c. Let x = c + 1736. Is x a prime number?
False
Let j be 21/(-49) + (-14808)/(-7). Let k = j - -1274. Is k a composite number?
False
Let p = 116 + 43. Let j = p - 111. Suppose 2*r - 5*z - 134 = 0, -182 = -2*r + 3*z - j. Is r composite?
False
Let g(s) = 5*s**2 + 66*s - 11. Let a be g(-13). Is 2/(-4) + 2/(a/(-101610)) prime?
True
Let r(p) = -23*p + 140. Let t be r(6). Suppose -4*s + 37219 = t*v - 9*s, -3 = -s. Is v prime?
True
Let a(g) be the third derivative of 1/60*g**5 + 0*g + 3/4*g**4 - 19/6*g**3 - 19*g**2 + 0. Is a(-20) composite?
True
Let u(d) = 4*d + 5. Let o be -23 + 23 + (0/(-2) - 0). Let n be u(o). Let g(v) = 135*v + 2. Is g(n) prime?
True
Suppose 2*g - 7374 = -2*f, -f - 10*g = -13*g - 3695. Let r = f + -790. Is r composite?
True
Suppose -22*m - 217 - 223 = 0. Is m/35 + 2514/14 composite?
False
Let s = 39059 - 19317. Is s a composite number?
True
Let c(z) = -3189274*z + 505. Is c(-1) a composite number?
False
Let f(j) = -1153*j + 1688. Is f(-35) a composite number?
False
Let u(o) = -2*o**2 - 11*o - 6. Let q be u(-4). Is (-6)/(-8)*-11002*(q - 8) composite?
True
Let c = 6989502 - 4259119. Is c prime?
True
Let b be 28/4 + -5 - (-3)/1. Let d be (b/(-2))/(6/(-9876)). Let h = -1986 + d. Is h composite?
False
Let o = 4937 + -4437. Suppose 2*v = -3*v + 6535. Let t = v - o. Is t a prime number?
False
Is (45/(-90))/((-3)/332814) a composite number?
False
Suppose -60*d = 33*d - 76220661. Is d composite?
True
Suppose -26*r + 112 = 30*r. Suppose c - 5763 = r*q, -4*q = -c + 4080 + 1675. Is c a prime number?
False
Suppose 2*b + 1126 = 6662. Let m = -1345 + b. Is m prime?
True
Let k(u) = -26506*u**3 - 19*u**2 + 7*u + 11. Is k(-2) a prime number?
True
Is (12 + 978/(-18))*(-2521 - -4) a composite number?
True
Suppose 0 = -2*i - 4, -4*a + 102475 = -2*i - 197077. Is a composite?
False
Let v(f) = -361*f + 79. Let h be -1 + 3/6 - (-176)/(-32). Is v(h) a composite number?
True
Let z(i) = -2813*i - 47. Let o be z(-2). Let p = o - -1488. Is p a prime number?
False
Suppose -2*v - 14*v + 9632 = 0. Let l = v + 1197. Is l a composite number?
True
Suppose -41714 + 224757 = 3*l + 4*l. Is l a composite number?
True
Let l(n) = -3*n - 59. Let s be l(-19). Is (s/(-4) + 2)*118 composite?
True
Let a = 199 + -106. Let k be (a/(-62))/((-2)/(27 - -1)). Suppose -29 = -5*d + k. Is d a composite number?
True
Is -55 + 209463 + (8/4 - 3) a prime number?
False
Suppose 